visor of 3058 and 22?
22
What is the greatest common divisor of 16 and 26672?
16
What is the highest common divisor of 1626 and 102?
6
What is the highest common factor of 1548 and 129?
129
Calculate the highest common divisor of 12 and 158.
2
Calculate the highest common factor of 52 and 676.
52
What is the highest common divisor of 931 and 147?
49
What is the greatest common divisor of 60 and 48?
12
What is the highest common factor of 48 and 24?
24
Calculate the greatest common factor of 495 and 88.
11
Calculate the highest common factor of 11 and 9427.
11
Calculate the highest common divisor of 38 and 1786.
38
Calculate the greatest common factor of 1502 and 4.
2
What is the greatest common divisor of 2 and 7?
1
Calculate the greatest common divisor of 92 and 1334.
46
Calculate the highest common divisor of 24 and 400.
8
What is the greatest common factor of 70021 and 49?
49
What is the highest common divisor of 2052 and 36?
36
Calculate the highest common divisor of 4896 and 320.
32
Calculate the highest common factor of 407 and 33.
11
Calculate the greatest common divisor of 285 and 342.
57
What is the greatest common factor of 12 and 720?
12
What is the highest common divisor of 8534 and 34?
34
What is the highest common factor of 13 and 8?
1
Calculate the greatest common divisor of 3552 and 864.
96
Calculate the greatest common divisor of 8032 and 32.
32
What is the greatest common divisor of 6 and 474?
6
What is the greatest common factor of 3558 and 114?
6
What is the highest common factor of 45 and 465?
15
Calculate the greatest common factor of 82 and 1763.
41
Calculate the greatest common factor of 6 and 1002.
6
Calculate the highest common factor of 174 and 5974.
58
Calculate the highest common factor of 504 and 1638.
126
What is the greatest common factor of 62 and 1519?
31
What is the highest common factor of 1550 and 200?
50
What is the greatest common factor of 1030 and 20?
10
Calculate the greatest common divisor of 28 and 2268.
28
Calculate the greatest common divisor of 3966 and 2.
2
Calculate the greatest common divisor of 1008 and 154.
14
What is the greatest common factor of 49 and 1?
1
Calculate the highest common factor of 48 and 464.
16
Calculate the highest common factor of 850 and 150.
50
What is the greatest common divisor of 5243 and 245?
49
Calculate the greatest common factor of 500 and 20.
20
Calculate the greatest common factor of 841 and 29.
29
Calculate the greatest common factor of 80 and 10.
10
Calculate the highest common factor of 9821 and 61.
61
What is the highest common divisor of 380 and 15732?
76
Calculate the greatest common divisor of 846 and 36.
18
What is the highest common divisor of 14 and 77?
7
Calculate the highest common factor of 54 and 4266.
54
What is the highest common factor of 419 and 2?
1
What is the greatest common divisor of 5 and 2545?
5
What is the greatest common factor of 405 and 315?
45
What is the highest common factor of 319 and 87?
29
Calculate the highest common divisor of 25 and 46825.
25
Calculate the highest common factor of 138 and 736.
46
Calculate the highest common factor of 315 and 45.
45
Calculate the greatest common factor of 15636 and 12.
12
What is the greatest common factor of 345 and 15?
15
Calculate the highest common divisor of 420 and 525.
105
Calculate the highest common factor of 13 and 559.
13
What is the greatest common divisor of 368 and 1058?
46
What is the greatest common divisor of 21231 and 63?
63
What is the greatest common divisor of 871 and 117?
13
What is the highest common factor of 1408 and 160?
32
Calculate the highest common factor of 33 and 528.
33
What is the highest common divisor of 1946 and 14?
14
Calculate the highest common factor of 1632 and 102.
102
What is the greatest common factor of 24954 and 18?
6
Calculate the highest common divisor of 42 and 651.
21
What is the highest common divisor of 91 and 637?
91
What is the highest common divisor of 72 and 372?
12
Calculate the highest common divisor of 1581 and 102.
51
Calculate the greatest common factor of 54 and 1278.
18
What is the greatest common divisor of 46 and 299?
23
What is the greatest common factor of 27 and 4905?
9
What is the greatest common divisor of 53 and 4187?
53
What is the highest common factor of 60 and 3180?
60
Calculate the highest common factor of 234 and 90.
18
Calculate the greatest common divisor of 90 and 1332.
18
What is the highest common divisor of 116 and 58?
58
What is the greatest common factor of 10 and 185?
5
Calculate the highest common divisor of 249 and 6.
3
Calculate the greatest common factor of 13987 and 985.
197
Calculate the highest common divisor of 22 and 11.
11
What is the greatest common divisor of 62 and 8649?
31
What is the highest common divisor of 175 and 2135?
35
Calculate the greatest common factor of 344 and 12556.
172
What is the greatest common factor of 968 and 30?
2
What is the greatest common factor of 7897 and 159?
53
Calculate the greatest common factor of 42 and 912.
6
What is the greatest common factor of 17 and 510?
17
Calculate the highest common divisor of 47 and 132493.
47
What is the highest common divisor of 148 and 5809?
37
Calculate the greatest common divisor of 140 and 252.
28
Calculate the highest common factor of 7293 and 102.
51
Calculate the greatest common factor of 572 and 884.
52
What is the greatest common divisor of 104 and 4?
4
Calculate the highest common factor of 54 and 198.
18
Calculate the highest common factor of 2 and 18.
2
Calculate the greatest common divisor of 123 and 6.
3
What is the greatest common factor of 236 and 4?
4
What is the greatest common factor of 5740 and 656?
164
What is the greatest common factor of 477 and 45?
9
Calculate the greatest common factor of 270 and 81.
27
Calculate the greatest common divisor of 13164 and 24.
12
Calculate the highest common factor of 48 and 656.
16
Calculate the greatest common factor of 7 and 161.
7
What is the highest common factor of 132 and 84?
12
What is the greatest common divisor of 608 and 96?
32
Calculate the greatest common divisor of 442 and 680.
34
What is the highest common factor of 41 and 287?
41
What is the greatest common factor of 783 and 216?
27
What is the greatest common divisor of 494 and 57?
19
What is the highest common divisor of 418 and 38?
38
Calculate the highest common divisor of 14 and 1694.
14
Calculate the greatest common divisor of 7 and 4977.
7
Calculate the highest common divisor of 1969 and 44.
11
Calculate the highest common factor of 1377 and 357.
51
Calculate the greatest common factor of 260 and 8.
4
Calculate the greatest common divisor of 170 and 160.
10
Calculate the greatest common divisor of 325 and 75.
25
What is the greatest common factor of 162 and 28?
2
Calculate the greatest common factor of 3 and 1620.
3
Calculate the greatest common divisor of 10 and 16.
2
What is the greatest common factor of 100 and 20?
20
Calculate the highest common factor of 730 and 10.
10
Calculate the greatest common factor of 9 and 1251.
9
Calculate the highest common factor of 128 and 608.
32
What is the highest common factor of 752 and 2162?
94
What is the highest common factor of 30 and 255?
15
Calculate the greatest common factor of 13 and 78.
13
What is the highest common factor of 1472 and 64?
64
Calculate the greatest common divisor of 3132 and 1798.
58
What is the greatest common divisor of 27 and 225?
9
Calculate the highest common divisor of 1276 and 44.
44
What is the highest common divisor of 272 and 119?
17
Calculate the highest common factor of 36144 and 144.
144
What is the greatest common divisor of 568 and 24?
8
What is the highest common factor of 11 and 2981?
11
Calculate the highest common divisor of 46189 and 143.
143
What is the highest common divisor of 87 and 18?
3
What is the greatest common factor of 25 and 10?
5
What is the greatest common divisor of 372 and 36?
12
What is the greatest common factor of 649 and 1003?
59
What is the highest common factor of 4223 and 41?
41
What is the highest common divisor of 508 and 16?
4
What is the highest common factor of 296 and 333?
37
Calculate the highest common divisor of 4536 and 28.
28
Calculate the greatest common divisor of 793 and 1703.
13
